mmon factor of 376 and 893?
47
Calculate the greatest common factor of 7155 and 495.
45
Calculate the highest common factor of 11 and 539.
11
Calculate the highest common divisor of 168 and 24.
24
What is the greatest common divisor of 216 and 1752?
24
Calculate the highest common factor of 9758 and 56.
14
Calculate the highest common factor of 19 and 1957.
19
What is the highest common divisor of 4249 and 35?
7
What is the greatest common divisor of 9 and 4527?
9
Calculate the greatest common factor of 16260 and 90.
30
Calculate the greatest common divisor of 20 and 455.
5
Calculate the highest common divisor of 215 and 172.
43
What is the highest common factor of 47 and 94?
47
Calculate the greatest common divisor of 15650 and 50.
50
What is the greatest common divisor of 240 and 1360?
80
Calculate the highest common factor of 66 and 270.
6
Calculate the greatest common divisor of 392 and 2086.
14
Calculate the highest common factor of 88 and 308.
44
Calculate the greatest common factor of 7 and 39424.
7
What is the highest common divisor of 36 and 4?
4
What is the greatest common factor of 213 and 14129?
71
What is the greatest common divisor of 561 and 5984?
187
Calculate the highest common factor of 5 and 2.
1
Calculate the highest common factor of 14 and 898.
2
Calculate the greatest common factor of 11811 and 372.
93
Calculate the highest common divisor of 41563 and 89.
89
What is the greatest common divisor of 630 and 270?
90
What is the highest common factor of 204 and 7803?
51
What is the highest common divisor of 1519 and 124?
31
Calculate the greatest common factor of 1 and 27.
1
Calculate the greatest common divisor of 950 and 133.
19
What is the greatest common divisor of 465 and 195?
15
Calculate the greatest common divisor of 26 and 23699.
13
What is the highest common divisor of 116 and 32?
4
What is the greatest common factor of 34 and 1666?
34
Calculate the greatest common factor of 986 and 1682.
58
What is the highest common divisor of 63 and 2205?
63
Calculate the highest common factor of 31 and 899.
31
Calculate the highest common factor of 18 and 615.
3
What is the greatest common divisor of 90048 and 192?
192
What is the greatest common divisor of 15 and 960?
15
What is the greatest common divisor of 1417 and 218?
109
What is the greatest common divisor of 14 and 2891?
7
What is the greatest common divisor of 2225 and 225?
25
Calculate the greatest common divisor of 57 and 665.
19
Calculate the greatest common divisor of 1702 and 92.
46
What is the highest common factor of 1141 and 5216?
163
Calculate the greatest common factor of 455 and 21.
7
What is the greatest common divisor of 3 and 12?
3
Calculate the highest common factor of 342 and 1254.
114
Calculate the greatest common factor of 3 and 24.
3
Calculate the highest common factor of 86 and 10.
2
What is the highest common factor of 27 and 25146?
9
What is the highest common factor of 693 and 132?
33
Calculate the greatest common divisor of 21 and 84.
21
Calculate the greatest common factor of 136 and 22712.
136
What is the greatest common factor of 2288 and 4?
4
Calculate the highest common divisor of 312 and 55536.
312
Calculate the highest common divisor of 1248 and 3952.
208
What is the greatest common factor of 180 and 1575?
45
Calculate the greatest common factor of 2370 and 300.
30
Calculate the greatest common factor of 1079 and 13.
13
What is the highest common factor of 30 and 70?
10
Calculate the highest common divisor of 82 and 2911.
41
What is the greatest common factor of 10 and 3480?
10
What is the greatest common divisor of 116 and 203?
29
What is the greatest common factor of 182 and 26?
26
What is the highest common factor of 1788 and 60?
12
Calculate the highest common divisor of 135 and 23355.
135
Calculate the highest common divisor of 10 and 172.
2
What is the greatest common factor of 34 and 119?
17
Calculate the greatest common divisor of 210 and 84.
42
What is the highest common divisor of 426 and 6?
6
What is the highest common divisor of 19342 and 38?
38
What is the greatest common divisor of 330 and 750?
30
What is the highest common divisor of 20 and 740?
20
Calculate the highest common divisor of 7 and 189.
7
What is the highest common divisor of 20 and 615?
5
What is the highest common divisor of 192 and 1632?
96
Calculate the highest common divisor of 268 and 4.
4
What is the greatest common factor of 14 and 1134?
14
What is the highest common divisor of 88 and 55?
11
What is the greatest common divisor of 8 and 1?
1
What is the greatest common divisor of 9234 and 76?
38
What is the greatest common factor of 120 and 42060?
60
What is the highest common divisor of 48 and 18?
6
What is the highest common divisor of 72 and 16?
8
Calculate the highest common factor of 2925 and 351.
117
Calculate the highest common factor of 5 and 33265.
5
Calculate the greatest common factor of 213 and 3.
3
What is the highest common divisor of 999 and 81?
27
What is the greatest common factor of 64172 and 244?
244
Calculate the highest common divisor of 13500 and 1200.
300
Calculate the highest common divisor of 5539 and 203.
29
Calculate the highest common factor of 52 and 172.
4
What is the greatest common divisor of 625 and 5?
5
What is the highest common factor of 1260 and 819?
63
What is the greatest common factor of 75 and 225?
75
What is the highest common divisor of 1375 and 517?
11
Calculate the highest common divisor of 35 and 7815.
5
What is the greatest common factor of 551 and 232?
29
What is the highest common factor of 7 and 25?
1
Calculate the greatest common divisor of 26565 and 210.
105
Calculate the highest common divisor of 11 and 1133.
11
Calculate the highest common factor of 220 and 280.
20
Calculate the greatest common divisor of 666 and 18.
18
Calculate the highest common divisor of 2 and 50.
2
Calculate the highest common factor of 20 and 60.
20
Calculate the greatest common factor of 27 and 24.
3
Calculate the highest common divisor of 96 and 432.
48
Calculate the greatest common divisor of 56 and 532.
28
What is the greatest common divisor of 495 and 55?
55
What is the highest common factor of 598 and 3220?
46
Calculate the highest common divisor of 130 and 380.
10
What is the greatest common factor of 345 and 1955?
115
Calculate the greatest common divisor of 49 and 1764.
49
Calculate the greatest common factor of 18 and 846.
18
Calculate the greatest common factor of 1560 and 1144.
104
What is the greatest common divisor of 34 and 153?
17
Calculate the highest common factor of 1436 and 4.
4
Calculate the highest common divisor of 280 and 2296.
56
Calculate the greatest common factor of 8875 and 426.
71
Calculate the highest common factor of 196 and 7154.
98
Calculate the greatest common divisor of 21 and 679.
7
What is the highest common factor of 60 and 16?
4
Calculate the greatest common divisor of 1485 and 105.
15
What is the highest common divisor of 186 and 2666?
62
What is the highest common factor of 544 and 34?
34
Calculate the highest common divisor of 14 and 406.
14
Calculate the greatest common factor of 2530 and 3960.
110
What is the highest common divisor of 176 and 1144?
88
What is the highest common factor of 506 and 46?
46
Calculate the highest common divisor of 1072 and 3350.
134
What is the greatest common divisor of 9 and 135?
9
What is the greatest common divisor of 8 and 1944?
8
What is the highest common divisor of 1872 and 24?
24
What is the highest common divisor of 360 and 110?
10
What is the highest common factor of 460 and 1978?
46
Calculate the highest common factor of 3472 and 224.
112
What is the highest common divisor of 135 and 324?
27
What is the greatest common divisor of 4 and 12?
4
What is the highest common divisor of 28 and 6356?
28
What is the highest common divisor of 44 and 5104?
44
What is the highest common factor of 518 and 1022?
14
Calculate the greatest common divisor of 17 and 731.
17
Calculate the highest common divisor of 67 and 3149.
67
Calculate the greatest common factor of 28 and 126.
14
What is the highest common factor of 228 and 7638?
114
Calculate the highest common divisor of 191 and 1.
1
What is the highest common factor of 154 and 854?
14
Calculate the greate